2, 3, 5, 431
What are the prime factors of 616285?
5, 23, 233
What are the prime factors of 144961?
144961
List the prime factors of 14634075.
3, 5, 195121
What are the prime factors of 143270?
2, 5, 14327
What are the prime factors of 433502?
2, 216751
List the prime factors of 19448.
2, 11, 13, 17
What are the prime factors of 2407543?
2407543
What are the prime factors of 12889013?
12889013
List the prime factors of 7211116.
2, 11, 47, 317
List the prime factors of 31295919.
3, 10431973
What are the prime factors of 109684?
2, 17, 1613
What are the prime factors of 340973?
349, 977
List the prime factors of 5391775.
5, 23, 9377
What are the prime factors of 914555?
5, 101, 1811
List the prime factors of 266044.
2, 227, 293
What are the prime factors of 378890?
2, 5, 37889
What are the prime factors of 64349?
229, 281
What are the prime factors of 9831365?
5, 1213, 1621
What are the prime factors of 4322114?
2, 17, 23, 5527
List the prime factors of 438179.
7, 62597
What are the prime factors of 1496136?
2, 3, 17, 19, 193
What are the prime factors of 1327794?
2, 3, 13, 29, 587
List the prime factors of 12393843.
3, 7, 11, 53653
What are the prime factors of 1577331?
3, 7, 25037
List the prime factors of 592841.
17, 43, 811
What are the prime factors of 101574?
2, 3, 11, 19
What are the prime factors of 8197?
7, 1171
What are the prime factors of 3889887?
3, 1296629
What are the prime factors of 632315?
5, 17, 43, 173
What are the prime factors of 3289511?
103, 109, 293
What are the prime factors of 2642386?
2, 1321193
List the prime factors of 2889668.
2, 722417
What are the prime factors of 5314797?
3, 107, 5519
List the prime factors of 6470768.
2, 404423
List the prime factors of 1858414.
2, 929207
What are the prime factors of 28208968?
2, 179, 19699
What are the prime factors of 15662428?
2, 109, 35923
List the prime factors of 2824164.
2, 3, 7, 1601
List the prime factors of 488907.
3, 54323
What are the prime factors of 519526?
2, 7, 43, 863
List the prime factors of 1308796.
2, 17, 19, 1013
What are the prime factors of 624109?
29, 21521
List the prime factors of 176272.
2, 23, 479
List the prime factors of 767293.
767293
List the prime factors of 611210.
2, 5, 61121
List the prime factors of 128158.
2, 139, 461
What are the prime factors of 303889?
303889
What are the prime factors of 15163617?
3, 7, 722077
What are the prime factors of 35375394?
2, 3, 5895899
What are the prime factors of 6048431?
6048431
What are the prime factors of 1114999?
1114999
What are the prime factors of 10680113?
2861, 3733
List the prime factors of 6334545.
3, 5, 7, 23, 43, 61
What are the prime factors of 912610?
2, 5, 263, 347
What are the prime factors of 5820015?
3, 5, 103, 3767
What are the prime factors of 16510922?
2, 163, 50647
List the prime factors of 1164451.
307, 3793
What are the prime factors of 11191820?
2, 5, 559591
List the prime factors of 3116221.
349, 8929
What are the prime factors of 9778604?
2, 11, 17, 769
What are the prime factors of 1927311?
3, 29, 22153
What are the prime factors of 2774502?
2, 3, 17, 9067
List the prime factors of 2337341.
269, 8689
What are the prime factors of 97695?
3, 5, 13, 167
What are the prime factors of 475424?
2, 83, 179
List the prime factors of 2280925.
5, 91237
List the prime factors of 13672901.
11, 1242991
List the prime factors of 51726.
2, 3, 37, 233
List the prime factors of 620970.
2, 3, 5, 7, 2957
What are the prime factors of 37629124?
2, 13, 29, 24953
What are the prime factors of 437018?
2, 218509
What are the prime factors of 1216547?
1216547
List the prime factors of 10831719.
3, 239, 15107
What are the prime factors of 133387?
133387
What are the prime factors of 1478902?
2, 47, 15733
List the prime factors of 317546.
2, 179, 887
List the prime factors of 5622382.
2, 2811191
List the prime factors of 961233.
3, 7, 13, 503
What are the prime factors of 1221503?
1221503
List the prime factors of 23041222.
2, 17, 677683
List the prime factors of 14296453.
14296453
List the prime factors of 3936067.
59, 66713
What are the prime factors of 4649804?
2, 47, 24733
What are the prime factors of 214191?
3, 7933
List the prime factors of 244426.
2, 7, 13, 17, 79
What are the prime factors of 657439?
657439
What are the prime factors of 355688?
2, 173, 257
What are the prime factors of 5420985?
3, 5, 19, 23, 827
List the prime factors of 7283066.
2, 7, 74317
What are the prime factors of 1889840?
2, 5, 23623
List the prime factors of 7051.
11, 641
What are the prime factors of 5184773?
11, 37, 12739
What are the prime factors of 3910284?
2, 3, 7, 59, 263
List the prime factors of 468449.
47, 9967
List the prime factors of 2923891.
19, 153889
List the prime factors of 3013603.
31, 97213
List the prime factors of 107227.
107227
List the prime factors of 14251264.
2, 179, 311
List the prime factors of 881968.
2, 199, 277
List the prime factors of 24700121.
103, 239807
List the prime factors of 121537.
13, 9349
List the prime factors of 20033271.
3, 741973
What are the prime factors of 310928?
2, 19433
What are the prime factors of 102970?
2, 5, 7, 1471
What are the prime factors of 117388?
2, 29347
List the prime factors of 2189706.
2, 3, 83, 4397
What are the prime factors of 146545?
5, 7, 53, 79
List the prime factors of 2512375.
5, 101, 199
List the prime factors of 40791094.
2, 37, 551231
List the prime factors of 4440380.
2, 5, 7, 23, 197
List the prime factors of 17099049.
3, 11, 518153
What are the prime factors of 159086?
2, 17, 4679
What are the prime factors of 1103510?
2, 5, 163, 677
List the prime factors of 15346228.
2, 349, 10993
List the prime factors of 217762.
2, 108881
List the prime factors of 605716.
2, 151429
List the prime factors of 4530846.
2, 3, 59, 12799
What are the prime factors of 7772788?
2, 1943197
What are the prime factors of 10474982?
2, 7, 23, 32531
List the prime factors of 734776.
2, 7, 13121
What are the prime factors of 431096?
2, 53887
What are the prime factors of 1317797?
13, 167, 607
What are the prime factors of 39854?
2, 19927
List the prime factors of 687700.
2, 5, 13, 23
List the prime factors of 3617731.
13, 31, 47, 191
List the prime factors of 81898.
2, 40949
What are the prime factors of 13878650?
2, 5, 197, 1409
What are the prime factors of 10821977?
619, 17483
List the prime factors of 28019690.
2, 5, 59, 47491
What are the prime factors of 6617579?
6617579
What are the prime factors of 1531679?
31, 49409
List the prime factors of 107031.
3, 35677
List the prime factors of 484934.
2, 242467
List the prime factors of 178198.
2, 139, 641
List the prime factors of 11072575.
5, 442903
What are the prime factors of 737189?
263, 2803
List the prime factors of 948723.
3, 316241
List the prime factors of 724967.
724967
What are the prime factors of 28297942?
2, 14148971
What are the prime factors of 141360?
2, 3, 5, 19, 31
List the prime factors of 364917.
3, 7, 17377
What are the prime factors of 24312527?
29, 838363
What are the prime factors of 138502?
2, 7, 13, 761
What are the prime factors of 2618048?
2, 19, 2153
What are the prime factors of 8881370?
2, 5, 199, 4463
What are the prime factors of 4884779?
4884779
List the prime factors of 143889.
3, 47963
What are the prime factors of 686738?
2, 13, 61, 433
List the prime factors of 348926.
2, 59, 2957
List the prime factors of 5861469.
3, 1953823
What are the prime factors of 600575?
5, 24023
What are the prime factors of 2036149?
59, 34511
What are the prime factors of 4736023?
4736023
List the prime factors of 60760.
2, 5, 7, 31
What are the prime factors of 549090?
2, 3, 5, 6101
What are the prime factors of 16394378?
2, 7, 11, 13, 19, 431
List the prime factors of 1914572.
2, 11, 53, 821
What are the prime factors of 713508?
2, 3, 37, 1607
List the prime factors of 5434000.
2, 5, 11, 13, 19
What are the prime factors of 998475?
3, 5, 13313
What are the prime factors of 56776?
2, 47, 151
What are the prime factors of 2764805?
5, 379, 1459
List the prime factors of 211862.
2, 7, 37, 409
What are the prime factors of 250525?
5, 11, 911
List the prime factors of 177433.
177433
List the prime factors of 18284714.
2, 7, 1306051
What are the prime factors of 24770?
2, 5, 2477
What are the prim